 = 2*g + 575*g**2 + 28*g - 460*g**2 + 152. Is v(-9) a prime number?
False
Let u(m) = -714*m + 11. Suppose -2*o - 22 = 5*t, -3*o + t = 49 + 1. Is u(o) composite?
True
Let w be 103/(-2)*-33*(-20)/(-30). Suppose -y + s + 1967 = 0, -y = 2*s - w - 840. Is y a composite number?
True
Is (34795 - (-9 - -8)) + 11 a prime number?
True
Let z = -1 - -6. Suppose 4*k + 685 = 3*k + z*m, -k - 691 = -3*m. Let i = k + 1227. Is i prime?
False
Suppose -14*u + 12*u = -10434. Is (7 - 6)/((-5214)/u - -1) composite?
True
Suppose -60186 - 317284 = -5*r + 136495. Is r a composite number?
False
Suppose 5*c - 11369633 = 53*t - 49*t, -4*c = -t - 9095713. Is c a composite number?
True
Suppose 0 = 7*w - 3*w - 12. Suppose 3*h - 12 = -w. Suppose 0 = -h*j + 63 + 318. Is j prime?
True
Let v(a) = -a**3 + 9*a**2 - a + 11. Let y be v(9). Suppose -y*f - n = -19, 1 = 5*f - 3*n - 74. Suppose f - 385 = -m. Is m composite?
False
Let q = -19 - 2. Is (-3)/q - (4 + 20306/(-7)) prime?
True
Let j = 6818 + 29501. Is j prime?
True
Let f(h) = -h**2 + 20*h - 47. Let p be f(18). Let i(a) = -314*a - 17. Is i(p) prime?
False
Let p = 864130 + 132123. Is p a prime number?
True
Let f(h) = -19*h**3 - 21*h + 9. Suppose 0 = -147*k + 143*k - 28. Is f(k) composite?
False
Let n(a) be the second derivative of -a**5/20 - a**4/4 + 7*a**3/6 - 26*a**2 + 94*a + 1. Is n(-19) prime?
True
Suppose 5*k - 3*q = 10071, -1742 = 5*k + 4*q - 11834. Let v = -1387 + k. Is v a composite number?
True
Let t(h) = 4423*h - 4029. Is t(166) prime?
False
Suppose 0 = 15*z + 41*z - 789286 - 585346. Is z composite?
False
Let t(r) = 875*r**3 + 10*r**2 + 10*r + 207. Is t(10) prime?
True
Suppose 2605528 = 4*d - 5*y, -4*d + 596*y + 2605524 = 592*y. Is d prime?
False
Let x(f) = 101*f + 211403. Is x(0) prime?
True
Let n(a) = 4*a - 15. Let r be n(20). Suppose -2*c - 1291 = -3*w, 3*w - r - 1225 = 3*c. Is w a prime number?
True
Suppose -2*i + 47536 - 1359 = 3*t, -5*t + 76920 = -5*i. Is t a composite number?
True
Is 0/1 - ((-17029650)/264 - (-6)/(-8)) a composite number?
True
Let p be (0 - 3)/((-4)/(-57540)*-3). Let d = 20158 - p. Is d prime?
False
Let u(k) = 13190*k - 8403. Is u(8) a prime number?
True
Suppose l + 6118 = p, -6*p - 18357 = -9*p + 2*l. Is p a composite number?
False
Let b(v) = -511*v**2 - 28*v - 20. Let t(p) = 767*p**2 + 42*p + 29. Let j(l) = 7*b(l) + 5*t(l). Is j(-3) prime?
False
Suppose t = -3*w + 71223, -23*w + 19*w = -3*t - 94964. Is w prime?
True
Suppose -5*n - h - 159104 = 0, 3*n + 0*n = -h - 95462. Let r be 15/21 + -1 + n/(-21). Suppose 3*t - r = -4*o, -t - o = -0*t - 506. Is t prime?
True
Suppose -55 = -3*m - 10. Suppose 3 = -4*x + m. Suppose -x*p = -2*p - 907. Is p prime?
True
Suppose 23337624 - 2930259 = 219*j - 21471348. Is j prime?
True
Suppose -40*o + 35*o + 138*o = 20624177. Is o a composite number?
False
Let z be 12/5 - (-2)/(-5). Suppose -z*t + 17 = 6*a - 3*a, t + 4*a = 11. Suppose -13*y + t*y = -3156. Is y composite?
True
Suppose 1364923 = q + 5*j, -6*q + q + 7*j + 6824615 = 0. Is q a prime number?
False
Suppose 0 = g - 2*t + 4, 9*t - 32 = -2*g + 5*t. Let i be (2/3)/((-26)/11427). Is (g/(-6) + 2)*i/(-1) composite?
False
Suppose 3*h - 5*o = -6*o + 2122, -2*o + 2 = 0. Let v = h - -290. Is v a prime number?
True
Let u(j) = 4*j**2 + 6*j + 9. Let a be u(-2). Let t(w) = -w**3 + 32*w**2 - 16*w + 32. Is t(a) a composite number?
True
Let m(u) = -43*u**3 + 22*u**2 - 133*u + 41. Is m(-25) a prime number?
False
Let g be 59*(-2 - (-2)/2). Let h = g + 124. Is h composite?
True
Let t be 1 + -6 + 4 + -1 - -1249. Suppose -t = -3*c - 5*d, 137 + 252 = c - 5*d. Is c composite?
False
Suppose -6*s + 19*s = -663. Let v be 0/(((-17)/s)/(2/12)). Suppose -11*u = -6*u + 5*l - 1945, 2*u - 2*l - 798 = v. Is u a prime number?
False
Let l = -27 + 30. Suppose -f - 4682 = -a, a - l*a + f = -9361. Is a a prime number?
True
Suppose -122*y = -43*y - 12337667. Is y a composite number?
True
Let r = 55 - 52. Suppose 3*p - y = -p + 3301, 0 = -5*p - r*y + 4122. Let i = -58 + p. Is i a composite number?
True
Is ((-550780)/16)/(45/(-36)) a prime number?
True
Let s(j) = -j**3 + 6*j**2 + j + 33. Let b be s(6). Suppose -3*q - 2*m - 2 = 0, -9 - 26 = 5*q - 3*m. Is (145/15 - q)*b composite?
True
Let b = 525502 - 290411. Is b composite?
False
Let o be -5*(69/15 + -5)*3. Is (-53236)/12*-6*o/12 a composite number?
False
Suppose 1943515 = 67*l - 222. Is l prime?
False
Let r = 452 - 467. Is (-54642)/r + (-1)/(-5) a prime number?
True
Let n be -146 - 1/(1 + 1 + -1). Let z = 76 + n. Let d = 468 + z. Is d prime?
True
Suppose -3 = -3*n + 12. Suppose -7*o + 2*o + 169 = -4*w, n*o + w = 164. Suppose -30*z - 2217 = -o*z. Is z composite?
False
Let s(f) = -2*f**3 - 59*f**2 + 22*f - 17. Let g(a) = -a**3 - 11*a**2 - 12*a - 7. Let u be g(-10). Suppose 0 = -11*l + u*l + 60. Is s(l) a composite number?
False
Let s be 525*(-180)/(-297) + (-2)/11. Suppose 5*r + s = 3*r. Let j = r - -1078. Is j prime?
True
Let r = -511 + 455. Suppose 3*a + 5 = -4. Is 123*r/(-6) - a composite?
False
Let f be (1/(-2))/(4/(-14720)). Let j = 2879 - f. Is j a prime number?
True
Let v = -1545094 - -2213997. Is v composite?
False
Suppose b - 2*w - 3*w = -302, 5*w + 342 = -b. Let x = b + 1799. Is x a prime number?
False
Is (-20)/25 - 10/((-750)/53661735) a composite number?
False
Let m = 187118 - 36411. Is m composite?
False
Suppose 0 = 5*x - 2*r - 18, -x = -0*x - 3*r - 1. Let j be 12/16 - ((-875)/28 - 6). Is (j/4 + 0)*x prime?
False
Suppose 27*q = 30*q - 21, 0 = -5*o - q + 733262. Is o a prime number?
False
Suppose -30 = -39*g + 44*g. Let l be (-189464)/66*(0 + g/4). Is l - 3/(-4)*-4 a composite number?
True
Let w(c) = -10*c - 85. Let u be w(-9). Suppose 10 = -u*d, 0 = 3*h - 7*h + 4*d + 4176. Is h a composite number?
True
Let b(d) = -43*d + 9. Let s be b(5). Let i be (-1)/((-5)/5)*2187. Let a = s + i. Is a composite?
True
Let c = -287 - -485. Let n be 1*c + 24/6. Let j = n + 517. Is j a composite number?
False
Suppose 7*y + 2 = 8*y. Suppose -y*k = 2*d - 248 - 60, -5*d + 3*k + 778 = 0. Is d a composite number?
True
Let l = 19145 - 6778. Is l a prime number?
False
Suppose 6*s - 11*s + 3*w = -3755890, -10*w - 1502312 = -2*s. Is s a prime number?
True
Let x(p) = 258*p + 13. Suppose -5*a = 5*r - 35, -3*a + 6 + 0 = 0. Suppose 2*s + 16 = 4*t + 6*s, r*s = 10. Is x(t) a composite number?
True
Suppose s - 2*s = 4*k - 99737, 0 = 3*k + 5*s - 74790. Let r(b) = -b + 3. Let u be r(-1). Suppose m = -u*m + k. Is m prime?
True
Suppose -24 = -5*d + 11. Let n be (-195)/(-117)*((-81)/5)/(-3). Suppose 172 = n*c - d*c. Is c a prime number?
False
Let x(m) = -8*m + 2229. Is x(56) composite?
True
Let d = -61045 - -125183. Is d composite?
True
Suppose 3*a = -4*c - 8992 - 18527, -5*a = -15. Let v = 20845 + c. Is v a composite number?
False
Is ((-10)/4 - -3)/(2639210/293244 - 9) a composite number?
True
Let m = 147691 + -81530. Is m prime?
True
Is (3 - 8) + 4*5335/10 a prime number?
True
Suppose 3*a + 2*a = 4*g - 13, 2*g = 2*a + 4. Is g*(5878/(-18))/(2/6) a composite number?
False
Suppose -3*o + 6*r = 2*r - 26, -3*r = 15. Suppose 286 = o*q + 3*x - 2517, 2*x = -2*q + 2802. Let p = q + -993. Is p a prime number?
False
Let a(q) = 2*q - 118. Let d be a(23). Is (-244000)/d + 4/36 a prime number?
True
Suppose 0 = 16*v - 28639 - 978097. Is v a prime number?
True
Let v = -430184 + 1002465. Is v a composite number?
False
Suppose -u + 8*l = 3*l - 39164, 3*l = -u + 39220. Is u a composite number?
False
Suppose 5*p + 41666 = 134536. Suppose -4*k - 3*s = -8*s - 37152, 2*k - 3*s - p = 0. Is k composite?
False
Let a = 1442 + 1061. Is a a composite number?
False
Let z = -26 + 44. Let t(i) = i**2 + i + 3*i**2 - 38*i + 20 - 17. Is t(z) prime?
False
Let o(y) = 2 + y - y**2 + 3*y**2 - 1 + 2*y**2. Let g be o(-1). Suppose 4 = -g*v, -3*v + 6404 = 4*w + 235. Is w a composite number?
False
Let o be (4/(-16) - 178/(-8)) + -2. Suppose 0 = -2*h - 3*h + o, 34988 = 3*a + 2*h. Suppose m = -6*l + l + 2358, -5*m + a = -l. Is m prime?
True
Suppose -y - z + 6 = -4*z, 7 = 2*y - z. Suppose -1324 = -5*f + 2*n, -4*f = y*n + 9 - 1059. Let g = -106 + f. Is g a composite number?
True
Suppose -102 = 11*f - 278. Suppose 0 = -f*o + 48*o - 1083616. Is o a prime number?
True
Let i = -63558 + 41768. Let b be (-1 - -2)/((-5)/i). Is -1*b/(-5 + 3) prime?
True
Let p(n) = -15682*n 